k - 2. What is the tens digit of d(8)?
7
Suppose 4*g = 2*x - 12, 4*g + 21 = -2*x - 7. Let i(o) = 39*o**2 + 10*o + 33. What is the units digit of i(x)?
7
What is the tens digit of (-17)/(((-198)/(-18))/(-15521))?
8
Let p(k) = -610*k - 24. Let j = -78 + 81. Let v be p(j). What is the units digit of v/(-12) - 9/(-6)?
6
What is the tens digit of -4*(-1996 + (8 - 26) - (-10)/8)?
5
Suppose -71804 + 447844 = 35*h. What is the units digit of h?
4
Let r(p) = -p**3 + 12*p**2 - 10*p - 7. Let x be r(11). Suppose 17 = x*y + 1. What is the units digit of 636/y + 1 + -3 + -2?
5
Let l be (-44)/(-20) - (-2)/(-10). Suppose l*f + 3*f = 410. Let u = f - 20. What is the units digit of u?
2
Let q(f) = 2*f - 2. Let n be q(0). Let m be n*(-2 + (-4)/2 - -3). Suppose 5*h - 155 = 3*j, 2*j - 61 = -m*h + 3*j. What is the tens digit of h?
2
Suppose m = 13*m - 17172. Let o = m + -704. What is the tens digit of o?
2
Suppose -69 = -11*p - 3. Suppose -p*l = 8 - 26. What is the units digit of l?
3
Suppose 0 = -1437*g + 1368*g + 2199030. What is the thousands digit of g?
1
Suppose -2*v + 6*v - 420 = -5*i, 2*v + 10 = 0. Suppose 2*y = k - i, -4*y - 352 = -4*k - 9*y. What is the units digit of k?
8
Suppose -408603 - 63641 = -67*c + 633792. What is the ten thousands digit of c?
1
Let h = 3307 - 2033. Suppose -3*g = -2*r + 1258, 0*r - h = -2*r - g. Suppose 4*x - r + 263 = 0. What is the tens digit of x?
9
What is the hundreds digit of 3/(-42) + (-10126512)/(-2016)?
0
Let t be -1 - 3/(-1) - (-460)/1. Suppose -34*q = -36*q + t. What is the units digit of q?
1
Suppose -89*o = 29*o - 1750884. What is the ten thousands digit of o?
1
Suppose -216*t = -211*t - 309160. What is the units digit of t?
2
Let x(f) = 3*f**2 + 0 + 16*f - 41*f + 18. Let s(y) = -y**2 + 13*y - 9. Let c(t) = -5*s(t) - 2*x(t). What is the tens digit of c(-8)?
6
Suppose -2*m = -2*n - 18550, 482*m + n + 37109 = 486*m. What is the hundreds digit of m?
2
Suppose -r = r, v - 44*r - 17034 = -38*r. What is the hundreds digit of v?
0
Let f(a) be the second derivative of a**4/4 - a**3/6 + 5*a**2 + 16*a + 1. What is the units digit of f(-5)?
0
Let z be (-435)/(-5) - 54/18. Let l be (2 + -2 + 0)/(-1). Suppose l = z*i - 87*i + 6. What is the units digit of i?
2
Suppose 5*v + 3*g - 13 = 131, -3*g = 3*v - 90. Let y = 363 - 357. What is the units digit of (-2 + v/4)*(y - 2)?
9
Suppose -21*b - 5*b = 520. What is the hundreds digit of ((-386)/4 - 0)/(b/40)?
1
Let w = -7834 - -10964. What is the thousands digit of w?
3
Let u = 60 + -77. Let z(h) = -385*h - 15. Let s(m) = -128*m - 5. Let d(a) = u*s(a) + 6*z(a). What is the hundreds digit of d(-2)?
2
Let o = 212 + -212. Suppose 4*w = w - 12, 2*i - w - 388 = o. What is the units digit of i?
2
Suppose -10*j + 6*j + 8 = 0. Suppose 277 = j*o + 15. Suppose o = 3*v - 1. What is the units digit of v?
4
Let z be (1/4 - 9/(-12))*11. Suppose -3*u + 50 - z = 0. Suppose -4*f + i + 120 = 0, -3*i = -u + 1. What is the units digit of f?
1
Suppose 3*d = -4*a + 569, -a - 4*a + 574 = 3*d. Let w be 30/(-4)*24/10. Let z = d - w. What is the hundreds digit of z?
2
What is the ten thousands digit of -2*5867*(2 + -4)?
2
Let g(k) = 308*k + 9419. What is the tens digit of g(34)?
9
Suppose -s - 18*u + 15*u = -3843, -u + 15416 = 4*s. What is the thousands digit of s?
3
Suppose 4759*t = 4753*t + 81876. What is the thousands digit of t?
3
What is the tens digit of 96/(-208) - 97902/(-26)?
6
Let s(j) = -j**3 - 20*j**2 - 38*j - 35. Let g be s(-18). Let v(t) = 424*t**2 - 4*t + 3. What is the units digit of v(g)?
3
Let g(i) = -7*i - 6. Let s(v) = -7*v - 5. Let h(m) = 3*g(m) - 4*s(m). Suppose 8*w - 40*w = 29*w - 305. What is the tens digit of h(w)?
3
Suppose -3*b - 14*b + 3179 = 0. Suppose -2*a = -2*c - 1409 + b, -c - 2432 = -4*a. What is the units digit of a?
7
What is the thousands digit of (-63962)/(-3) - (-957)/(-261)?
1
Let p(f) = -45*f + 13. Let z be p(-9). Suppose 4*l = z + 322. What is the hundreds digit of l?
1
Let i(o) = o**3 + o**2 + 21. Let h = 45 + -40. Suppose k = 3*k + h*p, 0 = -5*p. What is the units digit of i(k)?
1
Suppose 3*b - 2*x - 20 = 0, -x = -5*b - 1 + 32. Let m be ((-4)/b)/(8/(-12)) - -2. Suppose m*y - 130 = 386. What is the tens digit of y?
7
Let y = -30 + 74. Suppose 0 = 9*k - 7*k - y. Suppose k = f - 2*m - 118, 3*f + m = 392. What is the tens digit of f?
3
Let g(t) = -9367*t + 1222. What is the hundreds digit of g(-3)?
3
Let r = -103 - -105. Let v be (8/(-14))/r - (-52)/(-14). What is the tens digit of (-1)/(-2 - v - 1) - -209?
0
Suppose 2*p - 19976 = -9*z + 8*z, 5*z - 99905 = -5*p. What is the units digit of z?
6
Let g(w) = 5*w - 145. Let z be g(-11). Let h = z - -468. What is the units digit of h?
8
Suppose 4*x = 5*v + 97289, -4*x + v + 6307 + 90962 = 0. What is the hundreds digit of x?
3
Let z = 16213 - -4090. What is the units digit of z?
3
Let i be 2/(-9) - (-71512)/(-252). What is the units digit of (i/(-497))/(1*4/3514)?
2
What is the tens digit of (13 + (-693)/54)*57030?
0
Let d = -79 - -134. Let r = d + -51. Suppose r*s - 1290 = -2*s. What is the hundreds digit of s?
2
Let k = 20 + 28. Let d(u) = -u - 51 - 3*u + 0*u**2 + u**2 + k. What is the units digit of d(7)?
8
Suppose 0 = 6*b - 8*b + 38. Let x be ((-1)/1)/(b/38). What is the tens digit of -7 + 4 + (-86)/x?
4
Let s = -2021 + 10956. What is the thousands digit of s?
8
What is the thousands digit of (-3)/(-2 - 1)*(-31 + 5496)?
5
Suppose 0 = -4*o, 3*q = -o + 54 - 198. What is the hundreds digit of (-3)/(q/44)*(423 + 1)?
1
Suppose 4*c - 11 = 197. Let g = c - 42. Suppose 2*p = -w + 27, 14 + g = w - p. What is the units digit of w?
5
Let j(t) = -t**2 - 101*t - 702. What is the tens digit of j(-80)?
7
Suppose -93 = -3*c + 78. Let s = 615 - c. What is the tens digit of s?
5
Let p = 34 + -27. Let t(j) = j**3 - 6*j**2 + 6 - j**3 + j**3 + 0*j**3 - 2*j. What is the units digit of t(p)?
1
Let r be (2 - (7 + -4))*(-5 - 2). Let a(m) = m**3 - 6*m**2 - 6*m - 13. Let k be a(r). What is the units digit of (4 - (-13)/(-3))*k?
2
Suppose 0 = w - 15*w - 1862. Let s = -129 - w. What is the hundreds digit of 15/(-60) + 921/s?
2
Suppose -22*a + 253945 - 69625 = -179164. What is the hundreds digit of a?
5
What is the units digit of (-483975)/378*-7*(-2)/(-3)?
5
Let q(m) = m**2 + m - 17. Let s(x) = -x**3 - 5*x**2 - 5*x + 3. Let j be s(-4). Let t be j*(-2 + (0 - -3)). What is the units digit of q(t)?
9
Let x(z) = 1397*z**2 - 27*z + 3. What is the ten thousands digit of x(4)?
2
Let s be (-8098)/20*16 - (-12)/30. Let t be (s/(-9))/1 - (-4)/18. Suppose 13*x - t = 7*x. What is the tens digit of x?
2
Let b = -9547 + 16634. What is the hundreds digit of b?
0
Suppose -9*a + 3832 = -506. Suppose -3*j + 1239 = -g - a, -5*g = -2*j + 1156. What is the tens digit of j?
7
Let l(p) = -p**3 + 3*p**2 + 7*p + 1. Let z be l(4). Suppose -z*d = 4*d - 31144. What is the thousands digit of d?
1
Let s = -8016 - -14180. What is the tens digit of s?
6
Let j(p) be the second derivative of 7*p**5/2 - p**4/12 + p**3/6 + 3*p**2/2 - 42*p. What is the tens digit of j(2)?
6
Let h(d) = d**3 - 5*d**2 - 4*d - 6. Let u be h(6). Suppose -8*c = -u*c - 274. Let s = -40 + c. What is the units digit of s?
7
Let u = 14349 + -7470. What is the tens digit of u?
7
Let f(v) = v**3 + v**2 + 84*v + 8. What is the units digit of f(20)?
8
Suppose -300 = -7*l - 90. Let y(z) = -z**3 - 6*z**2 - 5. Let s be y(-6). Let f = s + l. What is the tens digit of f?
2
Let w(o) = -o**2 - 1. Let l(h) = -3*h**3 - 7*h**2. Let z(v) = l(v) - 3*w(v). Let t be 150/135*(-9)/2. What is the units digit of z(t)?
8
Let c(b) = 30*b**3 + 11*b**2 + 11*b - 27. What is the hundreds digit of c(6)?
9
Suppose 0 = -4*z + 3*u + 1038, 8*u - 522 = -2*z + 11*u. Suppose -z + 6854 = 4*j. What is the tens digit of j?
4
Let q(d) = -6*d - 3. Let n(x) = x**2 - 3*x + 7. Let u be n(3). Let c be 1 + (76/(-28) - 2/u). What is the units digit of q(c)?
9
Let w(p) be the third derivative of -p**4/3 + 49*p**3/2 - 8*p**2 - 10. What is the tens digit of w(14)?
3
Suppose 308*f - 330*f = -114897 - 152271. What is the thousands digit of f?
2
Let h(o) = 2*o**3 - 11*o**2 - 10*o + 641. What is the thousands digit of h(35)?
2
Let w be 20 + -7 + 0/(2*1). Let t = w + -11. Suppose 0 = j - t - 8. What is the tens digit of j?
1
Let t be 21/(-35) + (-468)/(-5). What is th